{"id":14,"date":"2017-05-23T09:22:01","date_gmt":"2017-05-23T07:22:01","guid":{"rendered":"http:\/\/localhost\/~paradise\/wordpress\/?page_id=8"},"modified":"2022-07-15T10:04:13","modified_gmt":"2022-07-15T10:04:13","slug":"home","status":"publish","type":"page","link":"https:\/\/temu.bsc.es\/smm4h-spanish\/","title":{"rendered":"Home"},"content":{"rendered":"\n<h2 class=\"wp-block-heading\">ProfNER-ST<strong>: <\/strong> Identification of professions &amp; occupations in Health-related Social Media <\/h2>\n<meta name=\"google-site-verification\" content=\"iOe2W15flMaL1ig4AeCUV2pd6UyCIBsGkDLLobM-rt8\" \/>\n\n\n\n<h4 class=\"wp-block-heading\"><strong>Generated resources<\/strong><\/h4>\n\n\n\n<ul class=\"wp-block-list\"><li>Data:&nbsp;<a rel=\"noreferrer noopener\" href=\"https:\/\/doi.org\/10.5281\/zenodo.4309356\" target=\"_blank\">Gold Standard<\/a>,&nbsp;Silver Standard (TBP)&nbsp;&amp;&nbsp;<a rel=\"noreferrer noopener\" href=\"https:\/\/doi.org\/10.5281\/zenodo.4479740\" target=\"_blank\">Annotation Guidelines<\/a><\/li><li><a rel=\"noreferrer noopener\" href=\"https:\/\/www.aclweb.org\/anthology\/volumes\/2021.smm4h-1\/\" target=\"_blank\">Conference Proceedings<\/a> <\/li><li><a href=\"https:\/\/youtube.com\/playlist?list=PL5uSCzf1azhA4yEP1q-NSfbE8zD9DxZwW\" target=\"_blank\" rel=\"noreferrer noopener\">YouTube presentations<\/a><\/li><li><a rel=\"noreferrer noopener\" href=\"https:\/\/temu.bsc.es\/smm4h-spanish\/?p=4559\" target=\"_blank\">Participant codes<\/a><\/li><\/ul>\n\n\n\n<p><strong>Please, cite:<\/strong><\/p>\n\n\n\n<p>Miranda-Escalada, A., Farr\u00e9-Maduell, E., Lima-L\u00f3pez, S., Gasc\u00f3, L., Briva-Iglesias, V., Ag\u00fcero-Torales, M., &amp; Krallinger, M. (2021, June). The profner shared task on automatic recognition of occupation mentions in social media: systems, evaluation, guidelines, embeddings and corpora. In <em>Proceedings of the Sixth Social Media Mining for Health (# SMM4H) Workshop and Shared Task<\/em> (pp. 13-20).<\/p>\n\n\n\n<pre class=\"wp-block-preformatted\">@inproceedings{miranda2021profner,\n   title={The profner shared task on automatic recognition of occupation mentions in social media: systems, evaluation, guidelines, embeddings and corpora},\n   author={Miranda-Escalada, Antonio and Farr{\\'e}-Maduell, Eul{`a}lia and Lima-L{\\'o}pez, Salvador and Gasc{\\'o}, Luis and Briva-Iglesias, Vicent and Ag{\\\"u}ero-Torales, Marvin and Krallinger, Martin},\n   booktitle={Proceedings of the Sixth Social Media Mining for Health (# SMM4H) Workshop and Shared Task},\n   pages={13--20},\n   year={2021}}\n<\/pre>\n\n\n\n<h4 class=\"wp-block-heading\"><strong>SocialDisNer Track @ SMM4H 2022<\/strong><\/h4>\n\n\n\n<p>For SMM4H 2022 edition we organized the SocialDisNER task on disease detection in tweets. <a rel=\"noreferrer noopener\" href=\"https:\/\/temu.bsc.es\/socialdisner\/\" target=\"_blank\">More info here<\/a>.<\/p>\n\n\n\n<h3 class=\"wp-block-heading\" id=\"schedule\"><strong>Schedule<\/strong><\/h3>\n\n\n\n<table id=\"tablepress-2\" class=\"tablepress tablepress-id-2\">\n<thead>\n<tr class=\"row-1 odd\">\n\t<th class=\"column-1\">Event<\/th><th class=\"column-2\">Date (UTC)<\/th><th class=\"column-3\">Link<\/th>\n<\/tr>\n<\/thead>\n<tbody class=\"row-hover\">\n<tr class=\"row-2 even\">\n\t<td class=\"column-1\">Training &amp; Development set release<\/td><td class=\"column-2\">Dec  15<\/td><td class=\"column-3\"><a href=\"https:\/\/doi.org\/10.5281\/zenodo.4309356\">Train, dev,  test and background sets<\/a><\/td>\n<\/tr>\n<tr class=\"row-3 odd\">\n\t<td class=\"column-1\">Validation predictions due [Practice Phase] [Required]<\/td><td class=\"column-2\">Feb 25<\/td><td class=\"column-3\"><a href=\"https:\/\/competitions.codalab.org\/competitions\/28766\">Codalab<\/a><\/td>\n<\/tr>\n<tr class=\"row-4 even\">\n\t<td class=\"column-1\">Test set release (without annotations)<\/td><td class=\"column-2\">Mar 1<\/td><td class=\"column-3\"><a href=\"https:\/\/doi.org\/10.5281\/zenodo.4309356\">Train, dev,  test and background sets<\/a><\/td>\n<\/tr>\n<tr class=\"row-5 odd\">\n\t<td class=\"column-1\">Test set predictions due [Evaluation Phase]<\/td><td class=\"column-2\">Mar 4<\/td><td class=\"column-3\"><a href=\"https:\/\/competitions.codalab.org\/competitions\/28766\">Codalab<\/a><\/td>\n<\/tr>\n<tr class=\"row-6 even\">\n\t<td class=\"column-1\">Test set evaluation scores release<\/td><td class=\"column-2\">Mar 8<\/td><td class=\"column-3\">-<\/td>\n<\/tr>\n<tr class=\"row-7 odd\">\n\t<td class=\"column-1\">System descriptions due<\/td><td class=\"column-2\">Mar 15<\/td><td class=\"column-3\"><a href=\"https:\/\/www.softconf.com\/naacl2021\/smm4h2021\/\">Softconf site<\/a><\/td>\n<\/tr>\n<tr class=\"row-8 even\">\n\t<td class=\"column-1\">Acceptance notification<\/td><td class=\"column-2\">Apr 1<\/td><td class=\"column-3\">-<\/td>\n<\/tr>\n<tr class=\"row-9 odd\">\n\t<td class=\"column-1\">Camera ready system descriptions<\/td><td class=\"column-2\">Apr 12<\/td><td class=\"column-3\"><a href=\"https:\/\/www.softconf.com\/naacl2021\/smm4h2021\/\">Softconf site<\/a><\/td>\n<\/tr>\n<tr class=\"row-10 even\">\n\t<td class=\"column-1\"><b> SMM4H workshop at NAACL conference<\/td><td class=\"column-2\"><b> June 6\u201311<\/td><td class=\"column-3\"><a href=\"https:\/\/2021.naacl.org\/\">https:\/\/2021.naacl.org\/<\/a><\/td>\n<\/tr>\n<\/tbody>\n<\/table>\n<!-- #tablepress-2 from cache -->\n\n\n\n<h3 class=\"wp-block-heading\"><strong>About the task<\/strong><\/h3>\n\n\n\n<p>Identification of professions and occupations (ProfNER) in Spanish. This task will focus on the recognition of professions and occupations from Twitter using data in Spanish after selecting health-relevant content. The aim is to extract professions from social media to enable characterizing health-related issues, in particular in the context of COVID-19 epidemiology as well as mental health conditions. <\/p>\n\n\n\n<p>As for the automatic recognition of professions, we should highlight that some workers are at the forefront of the battle against the COVID-19 pandemic. Detecting vulnerable occupations, be it due to their risk of direct exposure to the virus or due to mental health issues associated with work-related aspects is critical to prepare preventive measures. In case of direct exposures and COVID-19 deaths, data from the UK Office for National Statistics point out that it is important to characterize such at-risk groups, which included not only healthcare workers but also professions such as caregivers, taxi drivers, security guards or retail assistants. The ProfNER shared task will enable training deep learning named entity recognition approaches.<\/p>\n\n\n\n<p>The Social Media Mining for Health Applications (#SMM4H) Shared Task&nbsp;2021 invites researchers to develop systems to solve health informatics challenges for social media. The seventh track of the task focuses on the <strong>identification of professions and occupations in Spanish tweets<\/strong>. Previous versions of the SMM4H have included a similar task on English tweets and this year, the dataset includes sets of tweets in English, Spanish and Russian languages. This webpage is devoted to the <strong>Spanish<\/strong> part of this multilingual track (i.e.<strong> <\/strong>identification of professions and occupations in Spanish tweets). <\/p>\n\n\n\n<p>There are 2 Spanish sub-tracks:<\/p>\n\n\n\n<ul class=\"wp-block-list\"><li><strong>Track A &#8211; Tweet binary classification<\/strong>. Participants must determine whether a tweet contains a mention of occupation, or not.<\/li><\/ul>\n\n\n\n<figure class=\"wp-block-image size-large\"><img loading=\"lazy\" decoding=\"async\" width=\"1024\" height=\"348\" src=\"https:\/\/temu.bsc.es\/smm4h-spanish\/wp-content\/uploads\/2021\/01\/classification_example-1024x348.png\" alt=\"\" class=\"wp-image-4455\" srcset=\"https:\/\/temu.bsc.es\/smm4h-spanish\/wp-content\/uploads\/2021\/01\/classification_example-1024x348.png 1024w, https:\/\/temu.bsc.es\/smm4h-spanish\/wp-content\/uploads\/2021\/01\/classification_example-300x102.png 300w, https:\/\/temu.bsc.es\/smm4h-spanish\/wp-content\/uploads\/2021\/01\/classification_example-768x261.png 768w, https:\/\/temu.bsc.es\/smm4h-spanish\/wp-content\/uploads\/2021\/01\/classification_example.png 1096w\" sizes=\"auto, (max-width: 1024px) 100vw, 1024px\" \/><\/figure>\n\n\n\n<ul class=\"wp-block-list\"><li><strong>Track B &#8211;<\/strong> <strong>NER offset detection and classification<\/strong>. Participants must find the beginning and end of occupation mentions and classify them in the corresponding category. The corpus contains 4 mention categories, but participants will only be evaluated in the prediction of 2 of them: PROFESION [profession] and SITUACION_LABORAL [working status]. <\/li><\/ul>\n\n\n\n<figure class=\"wp-block-image size-large\"><img loading=\"lazy\" decoding=\"async\" width=\"1024\" height=\"283\" src=\"https:\/\/temu.bsc.es\/smm4h-spanish\/wp-content\/uploads\/2021\/01\/Screenshot-from-2021-01-27-16-30-27-1024x283.png\" alt=\"\" class=\"wp-image-4467\" srcset=\"https:\/\/temu.bsc.es\/smm4h-spanish\/wp-content\/uploads\/2021\/01\/Screenshot-from-2021-01-27-16-30-27-1024x283.png 1024w, https:\/\/temu.bsc.es\/smm4h-spanish\/wp-content\/uploads\/2021\/01\/Screenshot-from-2021-01-27-16-30-27-300x83.png 300w, https:\/\/temu.bsc.es\/smm4h-spanish\/wp-content\/uploads\/2021\/01\/Screenshot-from-2021-01-27-16-30-27-768x212.png 768w, https:\/\/temu.bsc.es\/smm4h-spanish\/wp-content\/uploads\/2021\/01\/Screenshot-from-2021-01-27-16-30-27.png 1186w\" sizes=\"auto, (max-width: 1024px) 100vw, 1024px\" \/><\/figure>\n\n\n\n<p>The SMM4H 2021 general webpage can be accessed <a href=\"https:\/\/healthlanguageprocessing.org\/smm4h-2021\/\" target=\"_blank\" rel=\"noreferrer noopener\">here<\/a>.<\/p>\n\n\n\n<p>#SMM4H is held as part of the <a rel=\"noreferrer noopener\" href=\"https:\/\/2021.naacl.org\/\" target=\"_blank\">2021 Annual Conference of the North American Chapter of the Association for Computational Linguistics<\/a>.<\/p>\n\n\n\n<h3 class=\"wp-block-heading\">Overview Video<\/h3>\n\n\n\n<figure class=\"wp-block-embed is-type-video is-provider-youtube wp-block-embed-youtube wp-embed-aspect-16-9 wp-has-aspect-ratio\"><div class=\"wp-block-embed__wrapper\">\n<iframe loading=\"lazy\" title=\"ProfNER Introduction - Antonio Miranda\" width=\"1140\" height=\"641\" src=\"https:\/\/www.youtube.com\/embed\/V2d51nlPtzQ?feature=oembed\" frameborder=\"0\" allow=\"accelerometer; autoplay; clipboard-write; encrypted-media; gyroscope; picture-in-picture\" allowfullscreen><\/iframe>\n<\/div><\/figure>\n\n\n\n<figure class=\"wp-block-image size-large\"><img loading=\"lazy\" decoding=\"async\" width=\"1024\" height=\"419\" src=\"https:\/\/temu.bsc.es\/smm4h-spanish\/wp-content\/uploads\/2021\/02\/Screenshot-from-2021-02-08-16-15-21-1024x419.png\" alt=\"\" class=\"wp-image-4514\" srcset=\"https:\/\/temu.bsc.es\/smm4h-spanish\/wp-content\/uploads\/2021\/02\/Screenshot-from-2021-02-08-16-15-21-1024x419.png 1024w, https:\/\/temu.bsc.es\/smm4h-spanish\/wp-content\/uploads\/2021\/02\/Screenshot-from-2021-02-08-16-15-21-300x123.png 300w, https:\/\/temu.bsc.es\/smm4h-spanish\/wp-content\/uploads\/2021\/02\/Screenshot-from-2021-02-08-16-15-21-768x314.png 768w, https:\/\/temu.bsc.es\/smm4h-spanish\/wp-content\/uploads\/2021\/02\/Screenshot-from-2021-02-08-16-15-21-1536x628.png 1536w, https:\/\/temu.bsc.es\/smm4h-spanish\/wp-content\/uploads\/2021\/02\/Screenshot-from-2021-02-08-16-15-21.png 1760w\" sizes=\"auto, (max-width: 1024px) 100vw, 1024px\" \/><figcaption>Shared Task overview &#8211; inspired by luis.gasco@bsc.es<\/figcaption><\/figure>\n","protected":false},"excerpt":{"rendered":"<p>ProfNER-ST: Identification of professions &amp; occupations in Health-related Social Media Generated resources Data:&nbsp;Gold Standard,&nbsp;Silver Standard (TBP)&nbsp;&amp;&nbsp;Annotation Guidelines Conference Proceedings YouTube presentations Participant codes Please, cite: Miranda-Escalada, A., Farr\u00e9-Maduell, E., Lima-L\u00f3pez, S., Gasc\u00f3, L., Briva-Iglesias, V., Ag\u00fcero-Torales, M., &amp; Krallinger, M. (2021, June). The profner shared task on automatic recognition of occupation mentions in social media: [&hellip;]<\/p>\n","protected":false},"author":1,"featured_media":0,"parent":0,"menu_order":0,"comment_status":"closed","ping_status":"closed","template":"","meta":{"footnotes":""},"class_list":["post-14","page","type-page","status-publish","hentry"],"_links":{"self":[{"href":"https:\/\/temu.bsc.es\/smm4h-spanish\/index.php?rest_route=\/wp\/v2\/pages\/14","targetHints":{"allow":["GET"]}}],"collection":[{"href":"https:\/\/temu.bsc.es\/smm4h-spanish\/index.php?rest_route=\/wp\/v2\/pages"}],"about":[{"href":"https:\/\/temu.bsc.es\/smm4h-spanish\/index.php?rest_route=\/wp\/v2\/types\/page"}],"author":[{"embeddable":true,"href":"https:\/\/temu.bsc.es\/smm4h-spanish\/index.php?rest_route=\/wp\/v2\/users\/1"}],"replies":[{"embeddable":true,"href":"https:\/\/temu.bsc.es\/smm4h-spanish\/index.php?rest_route=%2Fwp%2Fv2%2Fcomments&post=14"}],"version-history":[{"count":59,"href":"https:\/\/temu.bsc.es\/smm4h-spanish\/index.php?rest_route=\/wp\/v2\/pages\/14\/revisions"}],"predecessor-version":[{"id":4604,"href":"https:\/\/temu.bsc.es\/smm4h-spanish\/index.php?rest_route=\/wp\/v2\/pages\/14\/revisions\/4604"}],"wp:attachment":[{"href":"https:\/\/temu.bsc.es\/smm4h-spanish\/index.php?rest_route=%2Fwp%2Fv2%2Fmedia&parent=14"}],"curies":[{"name":"wp","href":"https:\/\/api.w.org\/{rel}","templated":true}]}}